tors of 7279?
29, 251
List the prime factors of 1138.
2, 569
What are the prime factors of 964?
2, 241
What are the prime factors of 1834?
2, 7, 131
List the prime factors of 18277.
7, 373
List the prime factors of 119957.
139, 863
List the prime factors of 3072.
2, 3
What are the prime factors of 682?
2, 11, 31
What are the prime factors of 104273?
13, 617
What are the prime factors of 10198?
2, 5099
What are the prime factors of 66983?
7, 1367
List the prime factors of 17714.
2, 17, 521
List the prime factors of 5336.
2, 23, 29
What are the prime factors of 230?
2, 5, 23
List the prime factors of 2472.
2, 3, 103
What are the prime factors of 1161?
3, 43
List the prime factors of 7301.
7, 149
List the prime factors of 7922.
2, 17, 233
What are the prime factors of 168244?
2, 42061
What are the prime factors of 21774?
2, 3, 19, 191
What are the prime factors of 2577?
3, 859
List the prime factors of 34644.
2, 3, 2887
What are the prime factors of 27662?
2, 13831
List the prime factors of 4167.
3, 463
What are the prime factors of 12527?
12527
List the prime factors of 52593.
3, 47, 373
What are the prime factors of 38505?
3, 5, 17, 151
List the prime factors of 47611.
47, 1013
List the prime factors of 758.
2, 379
What are the prime factors of 942?
2, 3, 157
What are the prime factors of 3812?
2, 953
What are the prime factors of 754?
2, 13, 29
What are the prime factors of 2971?
2971
List the prime factors of 2332.
2, 11, 53
What are the prime factors of 23865?
3, 5, 37, 43
List the prime factors of 4093.
4093
List the prime factors of 30662.
2, 15331
What are the prime factors of 28624?
2, 1789
What are the prime factors of 631?
631
List the prime factors of 30248.
2, 19, 199
List the prime factors of 141623.
141623
List the prime factors of 7665.
3, 5, 7, 73
What are the prime factors of 12896?
2, 13, 31
What are the prime factors of 7867?
7867
What are the prime factors of 5985?
3, 5, 7, 19
What are the prime factors of 2123?
11, 193
What are the prime factors of 319?
11, 29
What are the prime factors of 69383?
69383
What are the prime factors of 758?
2, 379
List the prime factors of 24080.
2, 5, 7, 43
List the prime factors of 9791.
9791
What are the prime factors of 37948?
2, 53, 179
What are the prime factors of 1057?
7, 151
List the prime factors of 2365.
5, 11, 43
List the prime factors of 7885.
5, 19, 83
List the prime factors of 3905.
5, 11, 71
What are the prime factors of 6477?
3, 17, 127
What are the prime factors of 22787?
22787
List the prime factors of 10134.
2, 3, 563
What are the prime factors of 1139?
17, 67
List the prime factors of 82457.
82457
List the prime factors of 3590.
2, 5, 359
List the prime factors of 6770.
2, 5, 677
What are the prime factors of 4151?
7, 593
List the prime factors of 2705.
5, 541
What are the prime factors of 20752?
2, 1297
What are the prime factors of 7891?
13, 607
List the prime factors of 24490.
2, 5, 31, 79
What are the prime factors of 14979?
3, 4993
List the prime factors of 33551.
7, 4793
What are the prime factors of 62046?
2, 3, 383
What are the prime factors of 15521?
11, 17, 83
What are the prime factors of 15044?
2, 3761
What are the prime factors of 900?
2, 3, 5
What are the prime factors of 74280?
2, 3, 5, 619
List the prime factors of 25442.
2, 12721
List the prime factors of 18495.
3, 5, 137
What are the prime factors of 45617?
11, 13, 29
What are the prime factors of 13329?
3, 1481
What are the prime factors of 5222?
2, 7, 373
What are the prime factors of 19265?
5, 3853
List the prime factors of 1097.
1097
What are the prime factors of 2690?
2, 5, 269
What are the prime factors of 1203?
3, 401
List the prime factors of 52606.
2, 29, 907
List the prime factors of 14386.
2, 7193
List the prime factors of 14420.
2, 5, 7, 103
What are the prime factors of 82275?
3, 5, 1097
List the prime factors of 780.
2, 3, 5, 13
What are the prime factors of 7437?
3, 37, 67
What are the prime factors of 2345?
5, 7, 67
List the prime factors of 1160.
2, 5, 29
List the prime factors of 3715.
5, 743
List the prime factors of 52867.
29, 1823
List the prime factors of 22406.
2, 17, 659
What are the prime factors of 85?
5, 17
What are the prime factors of 2324?
2, 7, 83
What are the prime factors of 44175?
3, 5, 19, 31
List the prime factors of 109341.
3, 12149
What are the prime factors of 1143?
3, 127
What are the prime factors of 1436?
2, 359
What are the prime factors of 2603?
19, 137
List the prime factors of 2967.
3, 23, 43
List the prime factors of 6408.
2, 3, 89
List the prime factors of 48499.
11, 4409
What are the prime factors of 4505?
5, 17, 53
What are the prime factors of 6643?
7, 13, 73
What are the prime factors of 6310?
2, 5, 631
List the prime factors of 1168.
2, 73
List the prime factors of 29712.
2, 3, 619
List the prime factors of 36958.
2, 17, 1087
List the prime factors of 210.
2, 3, 5, 7
List the prime factors of 1349.
19, 71
What are the prime factors of 18838?
2, 9419
List the prime factors of 724.
2, 181
What are the prime factors of 9960?
2, 3, 5, 83
List the prime factors of 66834.
2, 3, 47, 79
What are the prime factors of 3414?
2, 3, 569
List the prime factors of 722.
2, 19
What are the prime factors of 718?
2, 359
What are the prime factors of 238?
2, 7, 17
What are the prime factors of 76978?
2, 11, 3499
List the prime factors of 892.
2, 223
What are the prime factors of 20351?
47, 433
What are the prime factors of 44370?
2, 3, 5, 17, 29
What are the prime factors of 1768?
2, 13, 17
What are the prime factors of 4613?
7, 659
What are the prime factors of 9155?
5, 1831
List the prime factors of 4765.
5, 953
List the prime factors of 31939.
19, 41
List the prime factors of 1489.
1489
List the prime factors of 8594.
2, 4297
What are the prime factors of 20853?
3, 7, 331
List the prime factors of 102697.
7, 17, 863
List the prime factors of 76664.
2, 7, 37
List the prime factors of 24671.
24671
What are the prime factors of 3085?
5, 617
What are the prime factors of 1007?
19, 53
What are the prime factors of 4913?
17
List the prime factors of 1229.
1229
List the prime factors of 2800.
2, 5, 7
List the prime factors of 32119.
32119
What are the prime factors of 15266?
2, 17, 449
What are the prime factors of 4245?
3, 5, 283
List the prime factors of 13699.
7, 19, 103
List the prime factors of 5150.
2, 5, 103
What are the prime factors of 132967?
132967
List the prime factors of 6683.
41, 163
What are the prime factors of 2243?
2243
List the prime factors of 1670.
2, 5, 167
What are the prime factors of 346?
2, 173
What are the prime factors of 824?
2, 103
List the prime factors of 22186.
2, 11093
What are the prime factors of 1410?
2, 3, 5, 47
List the prime factors of 881.
881
What are the prime factors of 166?
2, 83
List the prime factors of 1237.
1237
What are the prime factors of 28386?
2, 3, 19, 83
List the prime factors of 1608.
2, 3, 67
What are the prime factors of 2650?
2, 5, 53
What are the prime factors of 2365?
5, 11, 43
What are the prime factors of 9088?
2, 71
List the prime factors of 23470.
2, 5, 2347
List the prime factors of 16705.
5, 13, 257
List the prime factors of 31.
31
List the prime factors of 6672.
2, 3, 139
List the prime factors of 6395.
5, 1279
What are the prime factors of 48127?
17, 19, 149
List the prime factors of 1825.
5, 73
List the prime factors of 2669.
17, 157
What are the prime factors of 71695?
5, 13, 1103
List the prime factors of 12480.
2, 3, 5, 13
What are the prime factors of 5042?
2, 2521
List the prime factors of 3538.
2, 29, 61
List the prime factors of 4842.
2, 3, 269
What are the prime factors of 760?
2, 5, 19
List the prime factors of 9526.
2, 11, 433
What are the prime factors of 1863?
3, 23
List the prime factors of 1080.
2, 3, 5
What are the prime factors of 1220?
2, 5, 61
What are the prime factors of 11592?
2, 3, 7, 23
List the prime factors of 76546.
2, 38273
What are the prime factors of 80253?
3, 37, 241
List the prime factors of 115328.
2, 17, 53
What are the prime factors of 5256?
2, 3, 73
What are the prime factors of 10374?
2, 3, 7, 13, 19
List the prime factors of 50354.
2, 17, 1481
What are the prime factors of 5697?
3, 211
What are the prime factors of 1330?
2, 5, 7, 19
What are the prime factors of 197